{"id":12,"date":"2025-04-10T18:03:20","date_gmt":"2025-04-10T16:03:20","guid":{"rendered":"https:\/\/zeitpflege.com\/web\/?page_id=12"},"modified":"2025-05-16T23:27:21","modified_gmt":"2025-05-16T21:27:21","slug":"zeitpflege-kontakt-ihre-anfrage-rund-um-24-stunden-betreuung","status":"publish","type":"page","link":"https:\/\/zeitpflege.com\/?page_id=12","title":{"rendered":"Kontakt"},"content":{"rendered":"\n<p class=\"has-text-align-center has-theme-palette-3-color has-text-color has-link-color has-medium-font-size wp-elements-fdc222ef4c177e2246da1db95a5cf526\" style=\"padding-top:30px;padding-right:40px;padding-bottom:30px;padding-left:40px\"><em> <\/em><strong>\u201eManchmal beginnt Vertrauen mit einem einfachen Gespr\u00e4ch.\u201c<\/strong><\/p>\n\n\n\n<p class=\"has-text-align-center has-theme-palette-3-color has-text-color has-link-color has-medium-font-size wp-elements-5c38b30f11fcb1084d37b4b49df7e7dc\" style=\"padding-top:30px;padding-right:40px;padding-bottom:30px;padding-left:40px\">Sie m\u00f6chten mehr \u00fcber ZEITPFLEGE erfahren oder ein unverbindliches Erstgespr\u00e4ch vereinbaren?<br>Dann sind Sie bei uns genau richtig \u2013 wir nehmen uns pers\u00f6nlich Zeit f\u00fcr Ihr Anliegen.<\/p>\n\n\n<div class=\"wp-block-image\">\n<figure class=\"aligncenter size-large is-resized\"><img loading=\"lazy\" decoding=\"async\" width=\"1024\" height=\"669\" src=\"https:\/\/zeitpflege.com\/web\/wp-content\/uploads\/2025\/04\/iStock-Frau-Beratung-1024x669.jpeg\" alt=\"\" class=\"wp-image-331\" style=\"width:720px\" srcset=\"https:\/\/zeitpflege.com\/wp-content\/uploads\/2025\/04\/iStock-Frau-Beratung-1024x669.jpeg 1024w, https:\/\/zeitpflege.com\/wp-content\/uploads\/2025\/04\/iStock-Frau-Beratung-300x196.jpeg 300w, https:\/\/zeitpflege.com\/wp-content\/uploads\/2025\/04\/iStock-Frau-Beratung-768x502.jpeg 768w, https:\/\/zeitpflege.com\/wp-content\/uploads\/2025\/04\/iStock-Frau-Beratung-1536x1004.jpeg 1536w, https:\/\/zeitpflege.com\/wp-content\/uploads\/2025\/04\/iStock-Frau-Beratung-2048x1339.jpeg 2048w\" sizes=\"auto, (max-width: 1024px) 100vw, 1024px\" \/><\/figure>\n<\/div>\n\n\n<p class=\"has-text-align-center has-theme-palette-3-color has-text-color has-link-color has-medium-font-size wp-elements-9dd37e6d19475e15399ef71a315a420a\" style=\"padding-top:10px;padding-bottom:10px\"><strong>So erreichen Sie uns:<\/strong><\/p>\n\n\n\n<p class=\"has-text-align-center has-theme-palette-3-color has-text-color has-link-color has-small-font-size wp-elements-f024dc30491c6b0b017a4b2a389934d3\" style=\"padding-top:10px;padding-bottom:10px\">Ganz gleich ob per Telefon, WhatsApp oder E-Mail &#8211; <br>w\u00e4hlen Sie den Weg, der f\u00fcr Sie am besten passt.<br><strong>Wir freuen uns darauf, Sie kennenzulernen und pers\u00f6nlich f\u00fcr Sie da zu sein. <\/strong><\/p>\n\n\n\n<p class=\"has-text-align-center has-theme-palette-3-color has-text-color has-link-color has-small-font-size wp-elements-2475127573abc0dc531fbb7108be4216\"><strong>Telefon:<\/strong> +49 176 20764149<br><strong>WhatsApp:<\/strong> <a href=\"https:\/\/wa.me\/4917620764149\">Direkt per WhatsApp schreiben<\/a><br><strong>E-Mail:<\/strong> <a href=\"mailto:kontakt@zeitpflege.com\">kontakt@zeitpflege.com<\/a><\/p>\n\n\n\n<p class=\"has-text-align-center has-theme-palette-3-color has-text-color has-link-color has-medium-font-size wp-elements-c70b10999aa32598d3b8491e818cc752\" style=\"padding-top:30px;padding-right:2em;padding-bottom:30px;padding-left:2em\"><strong>Pers\u00f6nliche<\/strong> <strong>Beratung, die wirklich  zu Ihnen passt<\/strong><\/p>\n\n\n\n<p><\/p>\n\n\n\n<p class=\"has-text-align-center has-theme-palette-3-color has-text-color has-link-color has-small-font-size wp-elements-28fa768cc629266600c9bd6bd08170f7\" style=\"margin-top:40px;margin-right:2em;margin-bottom:40px;margin-left:2em;padding-top:0;padding-right:0;padding-bottom:0;padding-left:0\">F\u00fcr unser erstes Kennenlerngespr\u00e4ch nehme ich mir gerne rund 30 Minuten Zeit \u2013 in Ruhe, unverbindlich und pers\u00f6nlich.<\/p>\n\n\n\n<p><\/p>\n\n\n\n<p><\/p>\n\n\n\n<div style=\"text-align: center; margin-top: 30px;\">\n  <a href=\"https:\/\/calendly.com\/kontakt-zeitpflege\/30min\" \n     style=\"background-color: #5BA8B1; \n            color: white; \n            padding: 14px 28px; \n            text-decoration: none; \n            font-size: 16px; \n            border-radius: 6px;\n            display: inline-block;\n            font-weight: 600;\">\n    Jetzt Kennenlerngespr\u00e4ch vereinbaren\n  <\/a>\n<\/div>\n\n\n\n<div style=\"height:80px\" aria-hidden=\"true\" class=\"wp-block-spacer\"><\/div>\n\n\n\n<div class=\"wp-block-contact-form-7-contact-form-selector\">\n<div class=\"wpcf7 no-js\" id=\"wpcf7-f81-o1\" lang=\"de-DE\" dir=\"ltr\" data-wpcf7-id=\"81\">\n<div class=\"screen-reader-response\"><p role=\"status\" aria-live=\"polite\" aria-atomic=\"true\"><\/p> <ul><\/ul><\/div>\n<form action=\"\/index.php?rest_route=%2Fwp%2Fv2%2Fpages%2F12#wpcf7-f81-o1\" method=\"post\" class=\"wpcf7-form init\" aria-label=\"Kontaktformular\" novalidate=\"novalidate\" data-status=\"init\">\n<div style=\"display: none;\">\n<input type=\"hidden\" name=\"_wpcf7\" value=\"81\" \/>\n<input type=\"hidden\" name=\"_wpcf7_version\" value=\"6.0.6\" \/>\n<input type=\"hidden\" name=\"_wpcf7_locale\" value=\"de_DE\" \/>\n<input type=\"hidden\" name=\"_wpcf7_unit_tag\" value=\"wpcf7-f81-o1\" \/>\n<input type=\"hidden\" name=\"_wpcf7_container_post\" value=\"0\" \/>\n<input type=\"hidden\" name=\"_wpcf7_posted_data_hash\" value=\"\" \/>\n<\/div>\n<p><label> Name<br \/>\n<span class=\"wpcf7-form-control-wrap\" data-name=\"your-name\"><input size=\"40\" maxlength=\"400\" class=\"wpcf7-form-control wpcf7-text wpcf7-validates-as-required\" autocomplete=\"name\" aria-required=\"true\" aria-invalid=\"false\" value=\"\" type=\"text\" name=\"your-name\" \/><\/span> <\/label>\n<\/p>\n<p><label> E-Mail-Adresse<br \/>\n<span class=\"wpcf7-form-control-wrap\" data-name=\"your-email\"><input size=\"40\" maxlength=\"400\" class=\"wpcf7-form-control wpcf7-email wpcf7-validates-as-required wpcf7-text wpcf7-validates-as-email\" autocomplete=\"email\" aria-required=\"true\" aria-invalid=\"false\" value=\"\" type=\"email\" name=\"your-email\" \/><\/span> <\/label>\n<\/p>\n<p><label> Betreff<br \/>\n<span class=\"wpcf7-form-control-wrap\" data-name=\"your-subject\"><input size=\"40\" maxlength=\"400\" class=\"wpcf7-form-control wpcf7-text wpcf7-validates-as-required\" aria-required=\"true\" aria-invalid=\"false\" value=\"\" type=\"text\" name=\"your-subject\" \/><\/span> <\/label>\n<\/p>\n<p><label> Nachricht (optional)<br \/>\n<span class=\"wpcf7-form-control-wrap\" data-name=\"your-message\"><textarea cols=\"40\" rows=\"10\" maxlength=\"2000\" class=\"wpcf7-form-control wpcf7-textarea\" aria-invalid=\"false\" name=\"your-message\"><\/textarea><\/span> <\/label>\n<\/p>\n<p><input class=\"wpcf7-form-control wpcf7-submit has-spinner\" type=\"submit\" value=\"Senden\" \/>\n<\/p><div class=\"wpcf7-response-output\" aria-hidden=\"true\"><\/div>\n<\/form>\n<\/div>\n<\/div>\n\n\n\n<p style=\"margin-left:40px\"><\/p>\n","protected":false},"excerpt":{"rendered":"<p>\u201eManchmal beginnt Vertrauen mit einem einfachen Gespr\u00e4ch.\u201c Sie m\u00f6chten mehr \u00fcber ZEITPFLEGE erfahren oder ein unverbindliches Erstgespr\u00e4ch vereinbaren?Dann sind Sie bei uns genau richtig \u2013 wir nehmen uns pers\u00f6nlich Zeit f\u00fcr Ihr Anliegen. So erreichen Sie uns: Ganz gleich ob per Telefon, WhatsApp oder E-Mail &#8211; w\u00e4hlen Sie den Weg, der f\u00fcr Sie am besten&#8230;<\/p>\n","protected":false},"author":1,"featured_media":0,"parent":0,"menu_order":0,"comment_status":"closed","ping_status":"closed","template":"","meta":{"_kad_post_transparent":"","_kad_post_title":"","_kad_post_layout":"","_kad_post_sidebar_id":"","_kad_post_content_style":"","_kad_post_vertical_padding":"","_kad_post_feature":"","_kad_post_feature_position":"","_kad_post_header":false,"_kad_post_footer":false,"footnotes":""},"class_list":["post-12","page","type-page","status-publish","hentry"],"yoast_head":"<!-- This site is optimized with the Yoast SEO plugin v25.1 - https:\/\/yoast.com\/wordpress\/plugins\/seo\/ -->\n<title>Kontakt - zeitpflege.com<\/title>\n<meta name=\"description\" content=\"Sie haben Fragen zur 24-Stunden-Betreuung? ZEITPFLEGE ist pers\u00f6nlich f\u00fcr Sie da \u2013 telefonisch, per E-Mail oder \u00fcber das Kontaktformular.\" \/>\n<meta name=\"robots\" content=\"index, follow, max-snippet:-1, max-image-preview:large, max-video-preview:-1\" \/>\n<link rel=\"canonical\" href=\"https:\/\/zeitpflege.com\/?page_id=12\" \/>\n<meta property=\"og:locale\" content=\"de_DE\" \/>\n<meta property=\"og:type\" content=\"article\" \/>\n<meta property=\"og:title\" content=\"Kontakt - zeitpflege.com\" \/>\n<meta property=\"og:description\" content=\"Sie haben Fragen zur 24-Stunden-Betreuung? ZEITPFLEGE ist pers\u00f6nlich f\u00fcr Sie da \u2013 telefonisch, per E-Mail oder \u00fcber das Kontaktformular.\" \/>\n<meta property=\"og:url\" content=\"https:\/\/zeitpflege.com\/?page_id=12\" \/>\n<meta property=\"og:site_name\" content=\"zeitpflege.com\" \/>\n<meta property=\"article:publisher\" content=\"https:\/\/www.facebook.com\/profile.php?id=61572543213609&amp;locale=de_DE\" \/>\n<meta property=\"article:modified_time\" content=\"2025-05-16T21:27:21+00:00\" \/>\n<meta property=\"og:image\" content=\"https:\/\/zeitpflege.com\/wp-content\/uploads\/2025\/04\/iStock-Frau-Beratung.jpeg\" \/>\n\t<meta property=\"og:image:width\" content=\"2142\" \/>\n\t<meta property=\"og:image:height\" content=\"1400\" \/>\n\t<meta property=\"og:image:type\" content=\"image\/jpeg\" \/>\n<meta name=\"twitter:card\" content=\"summary_large_image\" \/>\n<meta name=\"twitter:label1\" content=\"Gesch\u00e4tzte Lesezeit\" \/>\n\t<meta name=\"twitter:data1\" content=\"1\u00a0Minute\" \/>\n<script type=\"application\/ld+json\" class=\"yoast-schema-graph\">{\"@context\":\"https:\/\/schema.org\",\"@graph\":[{\"@type\":\"WebPage\",\"@id\":\"https:\/\/zeitpflege.com\/?page_id=12\",\"url\":\"https:\/\/zeitpflege.com\/?page_id=12\",\"name\":\"Kontakt - zeitpflege.com\",\"isPartOf\":{\"@id\":\"https:\/\/zeitpflege.com\/#website\"},\"primaryImageOfPage\":{\"@id\":\"https:\/\/zeitpflege.com\/?page_id=12#primaryimage\"},\"image\":{\"@id\":\"https:\/\/zeitpflege.com\/?page_id=12#primaryimage\"},\"thumbnailUrl\":\"https:\/\/zeitpflege.com\/web\/wp-content\/uploads\/2025\/04\/iStock-Frau-Beratung-1024x669.jpeg\",\"datePublished\":\"2025-04-10T16:03:20+00:00\",\"dateModified\":\"2025-05-16T21:27:21+00:00\",\"description\":\"Sie haben Fragen zur 24-Stunden-Betreuung? ZEITPFLEGE ist pers\u00f6nlich f\u00fcr Sie da \u2013 telefonisch, per E-Mail oder \u00fcber das Kontaktformular.\",\"breadcrumb\":{\"@id\":\"https:\/\/zeitpflege.com\/?page_id=12#breadcrumb\"},\"inLanguage\":\"de\",\"potentialAction\":[{\"@type\":\"ReadAction\",\"target\":[\"https:\/\/zeitpflege.com\/?page_id=12\"]}]},{\"@type\":\"ImageObject\",\"inLanguage\":\"de\",\"@id\":\"https:\/\/zeitpflege.com\/?page_id=12#primaryimage\",\"url\":\"https:\/\/zeitpflege.com\/wp-content\/uploads\/2025\/04\/iStock-Frau-Beratung.jpeg\",\"contentUrl\":\"https:\/\/zeitpflege.com\/wp-content\/uploads\/2025\/04\/iStock-Frau-Beratung.jpeg\",\"width\":2142,\"height\":1400,\"caption\":\"Talking finance worker helping senior with paperwork, budgeting and managing pension fund at home. Financial advisor explaining and showing old woman where to sign will agreement and banking contract\"},{\"@type\":\"BreadcrumbList\",\"@id\":\"https:\/\/zeitpflege.com\/?page_id=12#breadcrumb\",\"itemListElement\":[{\"@type\":\"ListItem\",\"position\":1,\"name\":\"Startseite\",\"item\":\"https:\/\/zeitpflege.com\/\"},{\"@type\":\"ListItem\",\"position\":2,\"name\":\"Kontakt\"}]},{\"@type\":\"WebSite\",\"@id\":\"https:\/\/zeitpflege.com\/#website\",\"url\":\"https:\/\/zeitpflege.com\/\",\"name\":\"zeitpflege.com\",\"description\":\"\",\"publisher\":{\"@id\":\"https:\/\/zeitpflege.com\/#organization\"},\"potentialAction\":[{\"@type\":\"SearchAction\",\"target\":{\"@type\":\"EntryPoint\",\"urlTemplate\":\"https:\/\/zeitpflege.com\/?s={search_term_string}\"},\"query-input\":{\"@type\":\"PropertyValueSpecification\",\"valueRequired\":true,\"valueName\":\"search_term_string\"}}],\"inLanguage\":\"de\"},{\"@type\":\"Organization\",\"@id\":\"https:\/\/zeitpflege.com\/#organization\",\"name\":\"ZEITPFLEGE \u2013 Betreuung mit Herz und Verstand\",\"url\":\"https:\/\/zeitpflege.com\/\",\"logo\":{\"@type\":\"ImageObject\",\"inLanguage\":\"de\",\"@id\":\"https:\/\/zeitpflege.com\/#\/schema\/logo\/image\/\",\"url\":\"https:\/\/zeitpflege.com\/wp-content\/uploads\/2025\/04\/cropped-Zeitpflege-Logo-scaled-1.jpg\",\"contentUrl\":\"https:\/\/zeitpflege.com\/wp-content\/uploads\/2025\/04\/cropped-Zeitpflege-Logo-scaled-1.jpg\",\"width\":2559,\"height\":1020,\"caption\":\"ZEITPFLEGE \u2013 Betreuung mit Herz und Verstand\"},\"image\":{\"@id\":\"https:\/\/zeitpflege.com\/#\/schema\/logo\/image\/\"},\"sameAs\":[\"https:\/\/www.facebook.com\/profile.php?id=61572543213609&locale=de_DE\",\"https:\/\/www.instagram.com\/zeit_pflege\/\"]}]}<\/script>\n<!-- \/ Yoast SEO plugin. -->","yoast_head_json":{"title":"Kontakt - zeitpflege.com","description":"Sie haben Fragen zur 24-Stunden-Betreuung? ZEITPFLEGE ist pers\u00f6nlich f\u00fcr Sie da \u2013 telefonisch, per E-Mail oder \u00fcber das Kontaktformular.","robots":{"index":"index","follow":"follow","max-snippet":"max-snippet:-1","max-image-preview":"max-image-preview:large","max-video-preview":"max-video-preview:-1"},"canonical":"https:\/\/zeitpflege.com\/?page_id=12","og_locale":"de_DE","og_type":"article","og_title":"Kontakt - zeitpflege.com","og_description":"Sie haben Fragen zur 24-Stunden-Betreuung? ZEITPFLEGE ist pers\u00f6nlich f\u00fcr Sie da \u2013 telefonisch, per E-Mail oder \u00fcber das Kontaktformular.","og_url":"https:\/\/zeitpflege.com\/?page_id=12","og_site_name":"zeitpflege.com","article_publisher":"https:\/\/www.facebook.com\/profile.php?id=61572543213609&locale=de_DE","article_modified_time":"2025-05-16T21:27:21+00:00","og_image":[{"width":2142,"height":1400,"url":"https:\/\/zeitpflege.com\/wp-content\/uploads\/2025\/04\/iStock-Frau-Beratung.jpeg","type":"image\/jpeg"}],"twitter_card":"summary_large_image","twitter_misc":{"Gesch\u00e4tzte Lesezeit":"1\u00a0Minute"},"schema":{"@context":"https:\/\/schema.org","@graph":[{"@type":"WebPage","@id":"https:\/\/zeitpflege.com\/?page_id=12","url":"https:\/\/zeitpflege.com\/?page_id=12","name":"Kontakt - zeitpflege.com","isPartOf":{"@id":"https:\/\/zeitpflege.com\/#website"},"primaryImageOfPage":{"@id":"https:\/\/zeitpflege.com\/?page_id=12#primaryimage"},"image":{"@id":"https:\/\/zeitpflege.com\/?page_id=12#primaryimage"},"thumbnailUrl":"https:\/\/zeitpflege.com\/web\/wp-content\/uploads\/2025\/04\/iStock-Frau-Beratung-1024x669.jpeg","datePublished":"2025-04-10T16:03:20+00:00","dateModified":"2025-05-16T21:27:21+00:00","description":"Sie haben Fragen zur 24-Stunden-Betreuung? ZEITPFLEGE ist pers\u00f6nlich f\u00fcr Sie da \u2013 telefonisch, per E-Mail oder \u00fcber das Kontaktformular.","breadcrumb":{"@id":"https:\/\/zeitpflege.com\/?page_id=12#breadcrumb"},"inLanguage":"de","potentialAction":[{"@type":"ReadAction","target":["https:\/\/zeitpflege.com\/?page_id=12"]}]},{"@type":"ImageObject","inLanguage":"de","@id":"https:\/\/zeitpflege.com\/?page_id=12#primaryimage","url":"https:\/\/zeitpflege.com\/wp-content\/uploads\/2025\/04\/iStock-Frau-Beratung.jpeg","contentUrl":"https:\/\/zeitpflege.com\/wp-content\/uploads\/2025\/04\/iStock-Frau-Beratung.jpeg","width":2142,"height":1400,"caption":"Talking finance worker helping senior with paperwork, budgeting and managing pension fund at home. Financial advisor explaining and showing old woman where to sign will agreement and banking contract"},{"@type":"BreadcrumbList","@id":"https:\/\/zeitpflege.com\/?page_id=12#breadcrumb","itemListElement":[{"@type":"ListItem","position":1,"name":"Startseite","item":"https:\/\/zeitpflege.com\/"},{"@type":"ListItem","position":2,"name":"Kontakt"}]},{"@type":"WebSite","@id":"https:\/\/zeitpflege.com\/#website","url":"https:\/\/zeitpflege.com\/","name":"zeitpflege.com","description":"","publisher":{"@id":"https:\/\/zeitpflege.com\/#organization"},"potentialAction":[{"@type":"SearchAction","target":{"@type":"EntryPoint","urlTemplate":"https:\/\/zeitpflege.com\/?s={search_term_string}"},"query-input":{"@type":"PropertyValueSpecification","valueRequired":true,"valueName":"search_term_string"}}],"inLanguage":"de"},{"@type":"Organization","@id":"https:\/\/zeitpflege.com\/#organization","name":"ZEITPFLEGE \u2013 Betreuung mit Herz und Verstand","url":"https:\/\/zeitpflege.com\/","logo":{"@type":"ImageObject","inLanguage":"de","@id":"https:\/\/zeitpflege.com\/#\/schema\/logo\/image\/","url":"https:\/\/zeitpflege.com\/wp-content\/uploads\/2025\/04\/cropped-Zeitpflege-Logo-scaled-1.jpg","contentUrl":"https:\/\/zeitpflege.com\/wp-content\/uploads\/2025\/04\/cropped-Zeitpflege-Logo-scaled-1.jpg","width":2559,"height":1020,"caption":"ZEITPFLEGE \u2013 Betreuung mit Herz und Verstand"},"image":{"@id":"https:\/\/zeitpflege.com\/#\/schema\/logo\/image\/"},"sameAs":["https:\/\/www.facebook.com\/profile.php?id=61572543213609&locale=de_DE","https:\/\/www.instagram.com\/zeit_pflege\/"]}]}},"_links":{"self":[{"href":"https:\/\/zeitpflege.com\/index.php?rest_route=\/wp\/v2\/pages\/12","targetHints":{"allow":["GET"]}}],"collection":[{"href":"https:\/\/zeitpflege.com\/index.php?rest_route=\/wp\/v2\/pages"}],"about":[{"href":"https:\/\/zeitpflege.com\/index.php?rest_route=\/wp\/v2\/types\/page"}],"author":[{"embeddable":true,"href":"https:\/\/zeitpflege.com\/index.php?rest_route=\/wp\/v2\/users\/1"}],"replies":[{"embeddable":true,"href":"https:\/\/zeitpflege.com\/index.php?rest_route=%2Fwp%2Fv2%2Fcomments&post=12"}],"version-history":[{"count":10,"href":"https:\/\/zeitpflege.com\/index.php?rest_route=\/wp\/v2\/pages\/12\/revisions"}],"predecessor-version":[{"id":544,"href":"https:\/\/zeitpflege.com\/index.php?rest_route=\/wp\/v2\/pages\/12\/revisions\/544"}],"wp:attachment":[{"href":"https:\/\/zeitpflege.com\/index.php?rest_route=%2Fwp%2Fv2%2Fmedia&parent=12"}],"curies":[{"name":"wp","href":"https:\/\/api.w.org\/{rel}","templated":true}]}}